number?
False
Is 7246 prime?
False
Is 120371 a composite number?
False
Is 131959 a composite number?
False
Is 396479 a prime number?
True
Is 4169941 a prime number?
True
Is 676259 a prime number?
True
Is 1042 a composite number?
True
Is 14543 prime?
True
Is 4619 prime?
False
Is 431141 prime?
True
Is 214 a composite number?
True
Is 63977 composite?
False
Is 465263 composite?
True
Is 18951 composite?
True
Is 1524713 a prime number?
False
Is 393779 a prime number?
True
Is 23399 a composite number?
False
Is 858129 a composite number?
True
Is 22189 composite?
False
Is 274706 a prime number?
False
Is 7721 prime?
False
Is 15479 prime?
False
Is 3977 a composite number?
True
Is 121405 prime?
False
Is 25427 composite?
True
Is 27103 prime?
True
Is 1847881 a prime number?
False
Is 955211 a composite number?
False
Is 18931 a composite number?
True
Is 26153 composite?
False
Is 35943 a composite number?
True
Is 1085321 a composite number?
True
Is 28921 a composite number?
False
Is 263893 prime?
False
Is 58189 a prime number?
True
Is 18041 a composite number?
False
Is 78121 a composite number?
False
Is 12326 a composite number?
True
Is 779189 composite?
False
Is 139921 prime?
True
Is 14971 composite?
True
Is 133769 composite?
False
Is 7387 a composite number?
True
Is 48695 a prime number?
False
Is 342521 a prime number?
True
Is 165001 a prime number?
True
Is 877109 a prime number?
True
Is 3015223 a prime number?
False
Is 6433 composite?
True
Is 54685 a composite number?
True
Is 433703 prime?
True
Is 336709 prime?
False
Is 356107 composite?
True
Is 7898447 composite?
False
Is 249799 a composite number?
True
Is 33593 prime?
False
Is 3803 composite?
False
Is 41213 composite?
False
Is 2901 a prime number?
False
Is 1973 composite?
False
Is 478766 a prime number?
False
Is 370733 a composite number?
True
Is 14693 a composite number?
True
Is 319541 prime?
True
Is 9838 prime?
False
Is 412723 composite?
True
Is 385007 composite?
True
Is 280039 prime?
False
Is 80527 a prime number?
True
Is 1072549 composite?
True
Is 39289 a prime number?
False
Is 303877 a prime number?
False
Is 140249 a prime number?
True
Is 18519 a composite number?
True
Is 1931 a prime number?
True
Is 565867 a composite number?
False
Is 24602 a composite number?
True
Is 336569 a prime number?
False
Is 412457 a composite number?
False
Is 22691 a prime number?
True
Is 3239 a composite number?
True
Is 321085 a prime number?
False
Is 47597 a composite number?
True
Is 690997 prime?
True
Is 19069 prime?
True
Is 176323 prime?
False
Is 693937 a prime number?
False
Is 78707 prime?
True
Is 1399 composite?
False
Is 49663 a composite number?
False
Is 211363 a prime number?
False
Is 3761 a composite number?
False
Is 93967 prime?
True
Is 4794931 a composite number?
False
Is 5723 a composite number?
True
Is 40231 a composite number?
False
Is 56963 a composite number?
False
Is 2893 prime?
False
Is 34607 composite?
False
Is 2999 a prime number?
True
Is 131693 a prime number?
False
Is 583977 a composite number?
True
Is 15627 a prime number?
False
Is 15371 composite?
True
Is 381287 a composite number?
False
Is 49561 prime?
False
Is 60033 a composite number?
True
Is 41053 composite?
True
Is 654133 composite?
True
Is 25869 prime?
False
Is 916501 prime?
True
Is 5303845 prime?
False
Is 248741 a composite number?
True
Is 4481 a composite number?
False
Is 20129 composite?
False
Is 2623 a composite number?
True
Is 57055 prime?
False
Is 99053 composite?
False
Is 81287 a composite number?
True
Is 11995 prime?
False
Is 110291 prime?
True
Is 9263 prime?
False
Is 148853 a composite number?
False
Is 37939 prime?
False
Is 70661 a prime number?
False
Is 3183 prime?
False
Is 45817 composite?
False
Is 54803 prime?
False
Is 107971 a prime number?
True
Is 243986 a composite number?
True
Is 615713 a prime number?
False
Is 1657 prime?
True
Is 918743 a prime number?
False
Is 63211 a composite number?
False
Is 1201553 a prime number?
True
Is 388301 composite?
False
Is 78467 composite?
False
Is 4547 composite?
False
Is 41803 a prime number?
False
Is 26769 a prime number?
False
Is 949513 composite?
False
Is 3359 prime?
True
Is 1847 composite?
False
Is 94771 a prime number?
True
Is 6617 a composite number?
True
Is 444073 composite?
True
Is 710609 a composite number?
False
Is 79311 prime?
False
Is 20893 prime?
False
Is 22735 a prime number?
False
Is 40813 composite?
False
Is 6121 a composite number?
False
Is 26759 a composite number?
False
Is 32117 composite?
False
Is 460527 prime?
False
Is 174191 prime?
False
Is 169363 a prime number?
False
Is 213751 prime?
True
Is 162977 composite?
True
Is 13159 a prime number?
True
Is 15439 prime?
True
Is 1561069 prime?
True
Is 8287 composite?
False
Is 1505083 a composite number?
False
Is 9923 prime?
True
Is 1043311 a composite number?
False
Is 1106069 prime?
True
Is 44941 prime?
False
Is 16537 composite?
True
Is 86969 a prime number?
True
Is 1061417 a prime number?
False
Is 673 composite?
False
Is 4903 prime?
True
Is 213529 a prime number?
False
Is 334733 prime?
False
Is 34123 prime?
True
Is 266003 composite?
False
Is 3571 a composite number?
False
Is 5317 a composite number?
True
Is 23101 prime?
False
Is 314009 a prime number?
False
Is 27493 composite?
True
Is 927889 a prime number?
False
Is 2843 composite?
False
Is 3790495 prime?
False
Is 15259 a composite number?
False
Is 26339 prime?
True
Is 168907 composite?
True
Is 14395 prime?
False
Is 40219 a prime number?
False
Is 1706167 prime?
True
Is 5113 a prime number?
True
Is 29765 prime?
False
Is 112331 composite?
False
Is 177623 composite?
False
Is 304349 a composite number?
False
Is 518579 prime?
True
Is 66635 a prime number?
False
Is 8997 a composite number?
True
Is 257815 prime?
False
Is 73433 prime?
True
Is 2099 a composite number?
False
Is 4259 a prime number?
True
Is 267959 prime?
True
Is 101329 prime?
False
Is 97757 prime?
False
Is 81031 composite?
False
Is 6899 a composite number?
False
Is 27746 prime?
False
Is 303859 composite?
False
Is 15719 composite?
True
Is 451439 composite?
False
Is 6377 a prime number?
False
Is 44833 composite?
True
Is 103511 a prime number?
True
Is 8553 prime?
False
Is 36433 composite?
False
Is 587 prime?
True
Is 19553 a prime number?
True
Is 115099 composite?
False
Is 1509166 a composite number?
True
Is 21961 prime?
True
Is 1126763 a composite number?
True
Is 127807 a prime number?
True
Is 37199 a composite number?
False
Is 7633 composite?
True
Is 812381 prime?
True
Is 3097 a prime number?
False
Is 41381 prime?
True
Is 62367 prime?
False
Is 103307 a composite number?
False
Is 305 a prime number?
False
Is 52742 composite?
True
Is 479 prime?
True
Is 471749 composite?
False
Is 1381187 composite?
False
Is 11189 a prime number?
False
Is 10193 prime?
True
Is 4621 a prime number?
True
Is 36987 a prime number?
False
Is 977507 composite?
False
Is 2789 a composite number?
False
Is 3019 composite?
False
Is 352931 composite?
False
Is 938491 composite?
False
Is 129341 composite?
False
Is 51971 prime?
True
Is 27631 prime?
True
Is 104359 composite?
True
Is 3761 prime?
True
Is 15503 a prime number?
False
Is 34451 prime?
False
Is 28349 composite?
False
Is 10961 prime?
False
Is 11299 prime?
True
Is 47347 a prime number?
False
Is 117527 a prime number?
False
Is 11027 composite?
False
Is 11437 a composite number?
False
Is 258647 a composite number?
True
Is 3797 a prime number?
True
Is 3019 a composite number?
False
Is 29041 prime?
False
Is 3637 a prime number?
True
Is 32527 a composite number?
True
Is 32831 prime?
True
Is 195023 a composite number?
False
Is 100789 prime?
False
Is 94687 a prime number?
True
Is 551 a composite number?
True
Is 17863 prime?
True
Is 193937 composite?
False
Is 4049 a prime number?
True
Is 17455 prime?
False
Is 471871 composite?
False
Is 1319443 prime?
True
Is 419259 a prime number?
False
Is 3761 prime?
True
Is 18839 a prime number?
True
Is 4241 a prime number?
True
Is 525571 a composite number?
False
Is 3653911 prime?
True
Is 1498237 prime?
False
Is 1607731 a composite number?
True
Is 45829 a prime number?
False
Is 16979 prime?
True
Is 740423 a composite number?
False
Is 12273 composite?
True
Is 181979 composite?
True
Is 3755 a prime number?
False
Is 27871 a composite number?
True
Is 126073 a prime number?
False
